3 - 3*w**2 + w + 5. Determine r(-4).
-111
Let x(a) = -37*a + 1451. Give x(39).
8
Let s(k) = 19*k**2 + 421*k - 4. Give s(-22).
-70
Let y(w) = -3*w**2 - 78*w - 499. Calculate y(-14).
5
Let u(a) = 3*a**3 + 110*a**2 + 70*a - 161. What is u(-36)?
-89
Let b(j) = -j**2 - 77*j - 791. Give b(-65).
-11
Let p(k) = -12*k**3 - k**2 - 5*k + 7. Calculate p(1).
-11
Let z(t) = 2*t**2 + 3883*t + 15534. Determine z(-4).
34
Let v(q) = -97*q + 12290. Determine v(127).
-29
Let j(l) = 2*l**2 - 52*l + 83. Determine j(26).
83
Let h(i) = -3*i**3 + 110*i**2 + 397*i + 125. Give h(40).
5
Let g(s) = 21*s + 1380. Determine g(-66).
-6
Let f(z) = 1474*z + 17648. Calculate f(-12).
-40
Let s(x) = -10*x**2 - 563*x + 990. Calculate s(-58).
4
Let j(o) = 58*o - 1293. Determine j(22).
-17
Let c(w) = 34*w - 53. What is c(4)?
83
Let r(d) = -d**3 - 4*d**2 + 74*d - 14. Give r(-11).
19
Let u(t) = -29*t - 1699. Give u(-58).
-17
Let c(i) = 16*i**2 + 19*i - 68. Determine c(4).
264
Let p(f) = 2*f**3 + 18*f**2 - 199*f - 1844. Determine p(-9).
-53
Let f(d) = 4004*d + 52044. Give f(-13).
-8
Let x(m) = 1775*m + 7091. Give x(-4).
-9
Let j(v) = v**3 - 9*v**2. Give j(9).
0
Let x(b) = 2*b**3 + 46*b**2 - 216*b + 24. Calculate x(5).
344
Let u(q) = -84*q - 983. Give u(-12).
25
Let o(f) = 17*f + 269. Calculate o(-16).
-3
Let f(z) = -751*z + 15032. Give f(20).
12
Let b(c) = c**2 - 14*c - 669. Give b(33).
-42
Let t(d) = -28*d**2 - 39*d + 37. Calculate t(1).
-30
Let v(b) = 16*b + 618. What is v(-33)?
90
Let c(m) = -15*m**2 + 9*m - 8. Give c(2).
-50
Let a(r) = -37*r + 214. What is a(5)?
29
Let n(j) = -8*j**2 + 108*j - 25. Give n(13).
27
Let s(t) = -561*t - 3931. Determine s(-7).
-4
Let b(c) = c**2 - 23*c - 141. What is b(-5)?
-1
Let i(b) = -193*b - 385. What is i(-2)?
1
Let z(d) = -d**2 + 252*d - 1487. Calculate z(6).
-11
Let r(w) = w**2 - 2131*w + 16994. Calculate r(8).
10
Let n(m) = 2*m**2 + 92*m - 482. Determine n(-51).
28
Let p(x) = x**3 + 23*x**2 - 90*x + 495. Determine p(-27).
9
Let f(d) = -188*d - 1313. Calculate f(-7).
3
Let x(o) = -o**2 - 44*o - 424. Determine x(-11).
-61
Let j(z) = -17*z - 77. Determine j(-14).
161
Let s(j) = -15*j**3 + 44*j**2 - 4. Determine s(3).
-13
Let n(y) = 5*y**2 - 535*y + 393. Determine n(106).
-137
Let z(m) = -2*m**3 + 111*m**2 + 65*m - 508. Calculate z(56).
-4
Let g(u) = -2*u**3 - 10*u**2 + 150*u + 194. Calculate g(-11).
-4
Let l(v) = -2*v**3 - 12*v**2 - v - 20. Calculate l(-11).
1201
Let q(a) = 3*a**2 - 15*a + 25. What is q(-5)?
175
Let i(v) = 576*v - 9833. Give i(17).
-41
Let r(c) = 10*c**2 + 66*c + 3. Calculate r(-6).
-33
Let w(q) = -q**2 + 9*q - 33. Give w(7).
-19
Let i(b) = -b**3 + 14*b**2 - 41*b - 7. Determine i(10).
-17
Let y(f) = 114*f + 586. What is y(-6)?
-98
Let h(d) = -3*d**3 + 54*d**2 - 16*d + 294. Calculate h(18).
6
Let d(a) = -6*a - 137. Calculate d(-15).
-47
Let v(i) = 2*i**2 + 45*i - 331. What is v(13)?
592
Let a(r) = 15*r**2 - 44*r + 12. Give a(3).
15
Let x(d) = -122*d + 2271. Determine x(19).
-47
Let z(i) = i**2 + 2687*i - 13460. What is z(5)?
0
Let k(a) = a**3 + 6*a**2 - 125*a - 766. Determine k(-6).
-16
Let f(a) = -76*a - 304. Give f(-4).
0
Let c(a) = 4*a + 259. Give c(9).
295
Let z(u) = 42*u - 6041. Give z(144).
7
Let h(a) = -9*a - 55. What is h(-9)?
26
Let w(p) = -p**2 + 6*p + 481. Calculate w(25).
6
Let g(b) = -32*b + 45. What is g(-4)?
173
Let h(q) = 1773*q + 8872. Determine h(-5).
7
Let h(i) = -i**3 + 15*i**2 - 25*i - 17. What is h(13)?
-4
Let t(n) = -2*n**2 + 48*n - 2. Give t(22).
86
Let s(v) = -v**3 + 29*v**2 + 11*v - 222. Give s(30).
-792
Let g(b) = b**3 + 43*b**2 + b + 93. Give g(-43).
50
Let p(y) = 3*y**2 + 246*y + 482. Give p(-80).
2
Let r(l) = 67*l + 408. Calculate r(-6).
6
Let r(o) = o**2 - 14*o - 871. Calculate r(37).
-20
Let i(p) = -269*p - 1622. Determine i(-6).
-8
Let y(n) = 4*n**2 - 91*n + 20. Give y(22).
-46
Let i(t) = 6*t**2 + 17*t + 43. Calculate i(-9).
376
Let k(a) = a**2 - 111*a + 640. What is k(6)?
10
Let p(f) = 2*f**3 - 58*f**2 + 104*f - 2. What is p(27)?
-110
Let a(r) = -9*r + 52. Determine a(6).
-2
Let m(l) = -l**2 - 34*l + 263. What is m(-40)?
23
Let k(i) = 25*i - 1208. Calculate k(48).
-8
Let a(z) = z**3 + 10*z**2 + 97*z + 653. Give a(-8).
5
Let g(w) = -12*w**2 + 73*w + 8. Give g(6).
14
Let j(p) = 9*p - 1. What is j(-2)?
-19
Let i(f) = -6*f**2 + 11*f + 11. Calculate i(-2).
-35
Let n(z) = 6*z**3 + 33*z**2 + 9*z - 18. Calculate n(-6).
-180
Let g(s) = 30*s - 752. Determine g(25).
-2
Let w(y) = -y**3 + y**2 + 242*y - 923. Give w(4).
-3
Let h(p) = 15*p**2 - 46*p + 239. What is h(5)?
384
Let b(h) = -h**3 + 73*h**2 - 207*h - 262. Calculate b(70).
-52
Let g(y) = -y**2 - 856*y - 6779. Calculate g(-8).
5
Let b(y) = -14*y - 257. Determine b(-23).
65
Let q(s) = s**3 - 6*s**2 + 2*s + 5. Give q(4).
-19
Let y(k) = 422*k + 849. What is y(-2)?
5
Let g(z) = 2*z**2 + 42*z - 508. What is g(-27)?
-184
Let l(n) = 59*n + 6907. What is l(-117)?
4
Let l(c) = -c**2 + 12*c + 43. Calculate l(20).
-117
Let b(s) = -2*s**3 - 4*s**2 + 144*s - 351. Give b(3).
-9
Let l(g) = -g**2 + 111*g - 2428. Determine l(30).
2
Let m(i) = 4*i**2 + 185*i + 820. Calculate m(-5).
-5
Let v(n) = -183*n - 3110. Give v(-17).
1
Let a(l) = 95*l + 19. What is a(-5)?
-456
Let f(p) = -p**3 + 28*p**2 + 28*p + 79. What is f(29)?
50
Let d(v) = 2*v**3 - 2*v**2 + 94*v - 252. What is d(3)?
66
Let g(f) = -2*f**3 - 29*f**2 + 22*f + 100. Calculate g(-15).
-5
Let w(m) = 26*m + 255. What is w(-5)?
125
Let c(g) = -g**3 - 40*g**2 - 78*g + 85. Calculate c(-38).
161
Let t(m) = 11*m - 54. Give t(5).
1
Let q(j) = 116*j - 4272. Give q(37).
20
Let r(g) = -11*g + 736. Calculate r(50).
186
Let p(t) = t**3 + 22*t**2 + 83*t + 204. Calculate p(-18).
6
Let u(q) = q**2 - 39*q - 515. Calculate u(52).
161
Let w(n) = -26*n**2 + 3119*n + 132. What is w(120)?
12
Let f(m) = -m**3 - 36*m**2 - 66*m + 108. What is f(-34)?
40
Let a(d) = 2*d**2 + 44*d + 22. Give a(-25).
172
Let j(w) = -8*w**3 + 146*w**2 - 38*w + 45. Determine j(18).
9
Let b(m) = 5*m**2 + 314*m - 372. What is b(-64)?
12
Let d(y) = 3*y**2 + 117*y + 810. Determine d(-7).
138
Let l(o) = -2060*o + 10311. Give l(5).
11
Let v(o) = 2*o**3 - o**2 - 2*o - 14. Determine v(3).
25
Let j(q) = 11*q**2 - 38*q + 2. Calculate j(4).
26
Let d(l) = -771*l + 3976. Calculate d(5).
121
Let l(g) = 2055*g - 8204. Determine l(4).
16
Let t(c) = 11*c**2 + 937*c + 76. What is t(-85)?
-94
Let f(q) = -326*q - 309. Determine f(-1).
17
Let h(q) = -91*q - 535. Determine h(-6).
11
Let n(q) = -33*q**3 + 626*q**2 + 16*q + 35. Give n(19).
-22
Let a(v) = -26*v + 560. Give a(44).
-584
Let z(g) = -12*g - 13. Calculate z(3).
-49
Let w(p) = 2*p**3 + 17*p**2 - 95*p + 39. Determine w(4).
59
Let k(p) = -p - 53. What is k(21)?
-74
Let c(i) = 32*i**3 + 5*i**2 - 6*i - 11. Calculate c(-1).
-32
Let s(w) = -w**3 + 4*w**2 - 2*w - 16. Determine s(5).
-51
Let z(x) = 8*x**3 + 2*x**2 + 10*x - 4. Calculate z(3).
260
Let y(j) = j**3 - 61*j**2 - 196*j - 87. What is y(64)?
-343
Let s(g) = -3901*g - 3888. Give s(-1).
13
Let w(n) = -2*n**2 + 109*n + 562. Give w(-5).
-33
Let n(l) = l**3 + 15*l**2 + 13*l - 24. What is n(-2)?
2
Let g(z) = z**2 + 64*z + 483. Give g(-55).
-12
Let o(k) = -k**3 + 21*k**2 - 87*k + 10. Calculate o(16).
-102
Let t(g) = g**3 + 67*g**2 + 189*g - 151. Calculate t(-64).
41
Let q(a) = a**3 + a**2 - 57*a - 112. Calculate q(-7).
-7
Let r(l) = 163*l + 5421. Give r(-33).
42
Let n(q) = -q**3 - 96*q**2 - 246*q - 14340. What is n(-95)?
5
Let h(j) = j**3 - 12*j**2 + 6*j - 57. Calculate h(12).
15
Let i(u) = u**2 - 124*u + 2088. Give i(104).
8
Let r(k) = -3*k**2 + 11*k - 43. What is r(9)?
-187
Let l(s) = -2385*s + 9279. Determine l(4).
-261
Let z(c) = -c**3 - 11*c**2 - 65*c - 282. Calculate z(-7).
-23
Let r(u) = -2598*u - 70132. What is r(-27)?
14
Let r(w) = -w**3 + 40*w**2 + 23*w + 125. What is r(41)?
-613
Let z(f) = -16*f + 357. What is z(25)?
-43
Let i(a) = -34*a - 839. Calculate i(-23).
-57
Let c(m) = -87*m - 11. Give c(4).
-359
Let f(u) = 78*u**2 - 13*u + 1. Give f(1).
66
Let v(i) = -10*i**3 + 4*i**2 + 6*i - 4. What is v(-2)?
80
Let z(l) = 613*l - 4893. What is z(8)?
11
Let u(y) = y**3 + 19*y**2 - 4*y - 26. Determine u(-20).
-346
Let u(i) = 30*i + 203. Determine u(-6).
23
Let r(c) = c**3 - 31*c**2 - 72*c + 228. Give r(33).
30
Let k(g) = 17*g + 2201. Calculate k(-130).
-9
Let d(p) = 2*p**2 + 58*